{"id":1173,"date":"2021-11-26T23:08:07","date_gmt":"2021-11-26T23:08:07","guid":{"rendered":"https:\/\/lg-design.org\/?page_id=1173"},"modified":"2024-12-30T08:57:38","modified_gmt":"2024-12-30T08:57:38","slug":"preise","status":"publish","type":"page","link":"https:\/\/lg-design.de\/lgstaging\/preise\/","title":{"rendered":"Preise"},"content":{"rendered":"<h3>Was kostet eigentlich ein Aufr\u00e4umcoach?<\/h3>\n<div class=\"textwidget custom-html-widget\">\n<ul>\n<li>Das bis zu 30 Min\u00fctige <b>Erstgespr\u00e4ch <\/b>ist <b>kostenlos<\/b>. In dem Telefonat finden wir heraus, was das\u00a0<b>passende Angebot<\/b>\u00a0f\u00fcr Dich ist und wie wir Dir am besten helfen k\u00f6nnen.<\/li>\n<li>Die <strong>Dienstleistung<\/strong> wird nach<b>\u00a0Stundenaufwand<\/b> abgerechnet mit <strong>60,00 \u20ac\/Stunde<\/strong>.<\/li>\n<li>Die\u00a0<b>Fahrtkosten<\/b>\u00a0werden mit\u00a0<b>0,38 \u20ac\/km<\/b>\u00a0abgerechnet. Auftr\u00e4ge nehme ich gerne im Umkreis von 50 km an. Mein Startpunkt ist immer T\u00fcbingen.<\/li>\n<li>Hol Dir\u00a0<b>20% der Coaching Kosten<\/b>\u00a0\u00fcber Deine <strong>Steuerkl\u00e4rung<\/strong> zur\u00fcck, indem Du die Rechnung als\u00a0<b>haushaltsnahe Dienstleistung<\/b>\u00a0geltend machst.<\/li>\n<\/ul>\n<p>Worauf wartest Du noch? <a href=\"https:\/\/lg-design.org\/kontakt\/\">Buche heute noch Dein kostenloses Erstgespr\u00e4ch!<\/a><\/p>\n<\/div>\n","protected":false},"excerpt":{"rendered":"<p>Was kostet eigentlich ein Aufr\u00e4umcoach? Vielleicht weniger, als Du denkst. Buche heute noch Dein kostenloses Erstgespr\u00e4ch.<\/p>\n","protected":false},"author":1,"featured_media":867,"parent":0,"menu_order":0,"comment_status":"closed","ping_status":"closed","template":"","meta":{"footnotes":""},"class_list":["post-1173","page","type-page","status-publish","has-post-thumbnail","hentry","latest_post"],"yoast_head":"<!-- This site is optimized with the Yoast SEO plugin v27.4 - https:\/\/yoast.com\/product\/yoast-seo-wordpress\/ -->\n<title>Preise - was kostet ein Aufr\u00e4umcoach?<\/title>\n<meta name=\"description\" content=\"Vielleicht weniger als Du denkst. Buche noch heute Dein kostenloses Erstgespr\u00e4ch. Zur Preis-\u00dcbersicht. Spannende Angebote.\" \/>\n<meta name=\"robots\" content=\"noindex, follow, max-snippet:-1, max-image-preview:large, max-video-preview:-1\" \/>\n<meta property=\"og:locale\" content=\"de_DE\" \/>\n<meta property=\"og:type\" content=\"article\" \/>\n<meta property=\"og:title\" content=\"Preise - was kostet ein Aufr\u00e4umcoach?\" \/>\n<meta property=\"og:description\" content=\"Vielleicht weniger als Du denkst. Buche noch heute Dein kostenloses Erstgespr\u00e4ch. Zur Preis-\u00dcbersicht. Spannende Angebote.\" \/>\n<meta property=\"og:url\" content=\"https:\/\/lg-design.de\/lgstaging\/preise\/\" \/>\n<meta property=\"og:site_name\" content=\"LG DESIGN - Dein Homeorganizer, Aufr\u00e4umcoach und Ordnungscoach\" \/>\n<meta property=\"article:publisher\" content=\"https:\/\/www.facebook.com\/LG.Design.Home.Organizer\" \/>\n<meta property=\"article:modified_time\" content=\"2024-12-30T08:57:38+00:00\" \/>\n<meta property=\"og:image\" content=\"https:\/\/lg-design.de\/lgstaging\/wp-content\/uploads\/2021\/10\/Unbenannt-scaled.jpg\" \/>\n\t<meta property=\"og:image:width\" content=\"2560\" \/>\n\t<meta property=\"og:image:height\" content=\"1086\" \/>\n\t<meta property=\"og:image:type\" content=\"image\/jpeg\" \/>\n<meta name=\"twitter:card\" content=\"summary_large_image\" \/>\n<meta name=\"twitter:label1\" content=\"Gesch\u00e4tzte Lesezeit\" \/>\n\t<meta name=\"twitter:data1\" content=\"1\u00a0Minute\" \/>\n<script type=\"application\/ld+json\" class=\"yoast-schema-graph\">{\"@context\":\"https:\\\/\\\/schema.org\",\"@graph\":[{\"@type\":\"WebPage\",\"@id\":\"https:\\\/\\\/lg-design.de\\\/lgstaging\\\/preise\\\/\",\"url\":\"https:\\\/\\\/lg-design.de\\\/lgstaging\\\/preise\\\/\",\"name\":\"Preise - was kostet ein Aufr\u00e4umcoach?\",\"isPartOf\":{\"@id\":\"https:\\\/\\\/lg-design.de\\\/lgstaging\\\/#website\"},\"primaryImageOfPage\":{\"@id\":\"https:\\\/\\\/lg-design.de\\\/lgstaging\\\/preise\\\/#primaryimage\"},\"image\":{\"@id\":\"https:\\\/\\\/lg-design.de\\\/lgstaging\\\/preise\\\/#primaryimage\"},\"thumbnailUrl\":\"https:\\\/\\\/lg-design.de\\\/lgstaging\\\/wp-content\\\/uploads\\\/2021\\\/10\\\/Unbenannt-scaled.jpg\",\"datePublished\":\"2021-11-26T23:08:07+00:00\",\"dateModified\":\"2024-12-30T08:57:38+00:00\",\"description\":\"Vielleicht weniger als Du denkst. Buche noch heute Dein kostenloses Erstgespr\u00e4ch. Zur Preis-\u00dcbersicht. Spannende Angebote.\",\"breadcrumb\":{\"@id\":\"https:\\\/\\\/lg-design.de\\\/lgstaging\\\/preise\\\/#breadcrumb\"},\"inLanguage\":\"de\",\"potentialAction\":[{\"@type\":\"ReadAction\",\"target\":[\"https:\\\/\\\/lg-design.de\\\/lgstaging\\\/preise\\\/\"]}]},{\"@type\":\"ImageObject\",\"inLanguage\":\"de\",\"@id\":\"https:\\\/\\\/lg-design.de\\\/lgstaging\\\/preise\\\/#primaryimage\",\"url\":\"https:\\\/\\\/lg-design.de\\\/lgstaging\\\/wp-content\\\/uploads\\\/2021\\\/10\\\/Unbenannt-scaled.jpg\",\"contentUrl\":\"https:\\\/\\\/lg-design.de\\\/lgstaging\\\/wp-content\\\/uploads\\\/2021\\\/10\\\/Unbenannt-scaled.jpg\",\"width\":2560,\"height\":1086,\"caption\":\"Home Organizer, Aufr\u00e4umcoach, Ordnungscoach\"},{\"@type\":\"BreadcrumbList\",\"@id\":\"https:\\\/\\\/lg-design.de\\\/lgstaging\\\/preise\\\/#breadcrumb\",\"itemListElement\":[{\"@type\":\"ListItem\",\"position\":1,\"name\":\"Startseite\",\"item\":\"https:\\\/\\\/lg-design.de\\\/lgstaging\\\/\"},{\"@type\":\"ListItem\",\"position\":2,\"name\":\"Preise\"}]},{\"@type\":\"WebSite\",\"@id\":\"https:\\\/\\\/lg-design.de\\\/lgstaging\\\/#website\",\"url\":\"https:\\\/\\\/lg-design.de\\\/lgstaging\\\/\",\"name\":\"LG DESIGN - Dein Homeorganizer, Aufr\u00e4umcoach und Ordnungscoach\",\"description\":\"Dein Home Organizer im Raum Stuttgart\",\"publisher\":{\"@id\":\"https:\\\/\\\/lg-design.de\\\/lgstaging\\\/#organization\"},\"potentialAction\":[{\"@type\":\"SearchAction\",\"target\":{\"@type\":\"EntryPoint\",\"urlTemplate\":\"https:\\\/\\\/lg-design.de\\\/lgstaging\\\/?s={search_term_string}\"},\"query-input\":{\"@type\":\"PropertyValueSpecification\",\"valueRequired\":true,\"valueName\":\"search_term_string\"}}],\"inLanguage\":\"de\"},{\"@type\":\"Organization\",\"@id\":\"https:\\\/\\\/lg-design.de\\\/lgstaging\\\/#organization\",\"name\":\"LG DESIGN - Dein Home Organizer\",\"url\":\"https:\\\/\\\/lg-design.de\\\/lgstaging\\\/\",\"logo\":{\"@type\":\"ImageObject\",\"inLanguage\":\"de\",\"@id\":\"https:\\\/\\\/lg-design.de\\\/lgstaging\\\/#\\\/schema\\\/logo\\\/image\\\/\",\"url\":\"https:\\\/\\\/lg-design.org\\\/wp-content\\\/uploads\\\/2021\\\/09\\\/logo-square-green-light.jpg\",\"contentUrl\":\"https:\\\/\\\/lg-design.org\\\/wp-content\\\/uploads\\\/2021\\\/09\\\/logo-square-green-light.jpg\",\"width\":1280,\"height\":1280,\"caption\":\"LG DESIGN - Dein Home Organizer\"},\"image\":{\"@id\":\"https:\\\/\\\/lg-design.de\\\/lgstaging\\\/#\\\/schema\\\/logo\\\/image\\\/\"},\"sameAs\":[\"https:\\\/\\\/www.facebook.com\\\/LG.Design.Home.Organizer\",\"https:\\\/\\\/www.instagram.com\\\/lg.design.home.organizer\\\/\"]}]}<\/script>\n<!-- \/ Yoast SEO plugin. -->","yoast_head_json":{"title":"Preise - was kostet ein Aufr\u00e4umcoach?","description":"Vielleicht weniger als Du denkst. Buche noch heute Dein kostenloses Erstgespr\u00e4ch. Zur Preis-\u00dcbersicht. Spannende Angebote.","robots":{"index":"noindex","follow":"follow","max-snippet":"max-snippet:-1","max-image-preview":"max-image-preview:large","max-video-preview":"max-video-preview:-1"},"og_locale":"de_DE","og_type":"article","og_title":"Preise - was kostet ein Aufr\u00e4umcoach?","og_description":"Vielleicht weniger als Du denkst. Buche noch heute Dein kostenloses Erstgespr\u00e4ch. Zur Preis-\u00dcbersicht. Spannende Angebote.","og_url":"https:\/\/lg-design.de\/lgstaging\/preise\/","og_site_name":"LG DESIGN - Dein Homeorganizer, Aufr\u00e4umcoach und Ordnungscoach","article_publisher":"https:\/\/www.facebook.com\/LG.Design.Home.Organizer","article_modified_time":"2024-12-30T08:57:38+00:00","og_image":[{"width":2560,"height":1086,"url":"https:\/\/lg-design.de\/lgstaging\/wp-content\/uploads\/2021\/10\/Unbenannt-scaled.jpg","type":"image\/jpeg"}],"twitter_card":"summary_large_image","twitter_misc":{"Gesch\u00e4tzte Lesezeit":"1\u00a0Minute"},"schema":{"@context":"https:\/\/schema.org","@graph":[{"@type":"WebPage","@id":"https:\/\/lg-design.de\/lgstaging\/preise\/","url":"https:\/\/lg-design.de\/lgstaging\/preise\/","name":"Preise - was kostet ein Aufr\u00e4umcoach?","isPartOf":{"@id":"https:\/\/lg-design.de\/lgstaging\/#website"},"primaryImageOfPage":{"@id":"https:\/\/lg-design.de\/lgstaging\/preise\/#primaryimage"},"image":{"@id":"https:\/\/lg-design.de\/lgstaging\/preise\/#primaryimage"},"thumbnailUrl":"https:\/\/lg-design.de\/lgstaging\/wp-content\/uploads\/2021\/10\/Unbenannt-scaled.jpg","datePublished":"2021-11-26T23:08:07+00:00","dateModified":"2024-12-30T08:57:38+00:00","description":"Vielleicht weniger als Du denkst. Buche noch heute Dein kostenloses Erstgespr\u00e4ch. Zur Preis-\u00dcbersicht. Spannende Angebote.","breadcrumb":{"@id":"https:\/\/lg-design.de\/lgstaging\/preise\/#breadcrumb"},"inLanguage":"de","potentialAction":[{"@type":"ReadAction","target":["https:\/\/lg-design.de\/lgstaging\/preise\/"]}]},{"@type":"ImageObject","inLanguage":"de","@id":"https:\/\/lg-design.de\/lgstaging\/preise\/#primaryimage","url":"https:\/\/lg-design.de\/lgstaging\/wp-content\/uploads\/2021\/10\/Unbenannt-scaled.jpg","contentUrl":"https:\/\/lg-design.de\/lgstaging\/wp-content\/uploads\/2021\/10\/Unbenannt-scaled.jpg","width":2560,"height":1086,"caption":"Home Organizer, Aufr\u00e4umcoach, Ordnungscoach"},{"@type":"BreadcrumbList","@id":"https:\/\/lg-design.de\/lgstaging\/preise\/#breadcrumb","itemListElement":[{"@type":"ListItem","position":1,"name":"Startseite","item":"https:\/\/lg-design.de\/lgstaging\/"},{"@type":"ListItem","position":2,"name":"Preise"}]},{"@type":"WebSite","@id":"https:\/\/lg-design.de\/lgstaging\/#website","url":"https:\/\/lg-design.de\/lgstaging\/","name":"LG DESIGN - Dein Homeorganizer, Aufr\u00e4umcoach und Ordnungscoach","description":"Dein Home Organizer im Raum Stuttgart","publisher":{"@id":"https:\/\/lg-design.de\/lgstaging\/#organization"},"potentialAction":[{"@type":"SearchAction","target":{"@type":"EntryPoint","urlTemplate":"https:\/\/lg-design.de\/lgstaging\/?s={search_term_string}"},"query-input":{"@type":"PropertyValueSpecification","valueRequired":true,"valueName":"search_term_string"}}],"inLanguage":"de"},{"@type":"Organization","@id":"https:\/\/lg-design.de\/lgstaging\/#organization","name":"LG DESIGN - Dein Home Organizer","url":"https:\/\/lg-design.de\/lgstaging\/","logo":{"@type":"ImageObject","inLanguage":"de","@id":"https:\/\/lg-design.de\/lgstaging\/#\/schema\/logo\/image\/","url":"https:\/\/lg-design.org\/wp-content\/uploads\/2021\/09\/logo-square-green-light.jpg","contentUrl":"https:\/\/lg-design.org\/wp-content\/uploads\/2021\/09\/logo-square-green-light.jpg","width":1280,"height":1280,"caption":"LG DESIGN - Dein Home Organizer"},"image":{"@id":"https:\/\/lg-design.de\/lgstaging\/#\/schema\/logo\/image\/"},"sameAs":["https:\/\/www.facebook.com\/LG.Design.Home.Organizer","https:\/\/www.instagram.com\/lg.design.home.organizer\/"]}]}},"_links":{"self":[{"href":"https:\/\/lg-design.de\/lgstaging\/wp-json\/wp\/v2\/pages\/1173","targetHints":{"allow":["GET"]}}],"collection":[{"href":"https:\/\/lg-design.de\/lgstaging\/wp-json\/wp\/v2\/pages"}],"about":[{"href":"https:\/\/lg-design.de\/lgstaging\/wp-json\/wp\/v2\/types\/page"}],"author":[{"embeddable":true,"href":"https:\/\/lg-design.de\/lgstaging\/wp-json\/wp\/v2\/users\/1"}],"replies":[{"embeddable":true,"href":"https:\/\/lg-design.de\/lgstaging\/wp-json\/wp\/v2\/comments?post=1173"}],"version-history":[{"count":18,"href":"https:\/\/lg-design.de\/lgstaging\/wp-json\/wp\/v2\/pages\/1173\/revisions"}],"predecessor-version":[{"id":4101,"href":"https:\/\/lg-design.de\/lgstaging\/wp-json\/wp\/v2\/pages\/1173\/revisions\/4101"}],"wp:featuredmedia":[{"embeddable":true,"href":"https:\/\/lg-design.de\/lgstaging\/wp-json\/wp\/v2\/media\/867"}],"wp:attachment":[{"href":"https:\/\/lg-design.de\/lgstaging\/wp-json\/wp\/v2\/media?parent=1173"}],"curies":[{"name":"wp","href":"https:\/\/api.w.org\/{rel}","templated":true}]}}